st common divisor of 995704 and 994?
142
What is the highest common factor of 375197 and 76319?
457
Calculate the highest common divisor of 22126 and 50531.
299
Calculate the greatest common divisor of 13530 and 313896.
2706
What is the highest common factor of 3645524632 and 8?
8
What is the highest common factor of 219 and 5812771?
73
What is the highest common factor of 1081137 and 41775?
1671
Calculate the greatest common factor of 4615857 and 18.
9
Calculate the highest common divisor of 3800 and 276040360.
760
What is the greatest common factor of 434 and 18543704?
62
Calculate the highest common divisor of 346293 and 2471.
353
Calculate the greatest common factor of 6368250 and 6720.
210
Calculate the highest common factor of 17 and 504372643.
17
What is the greatest common factor of 42090 and 361445?
115
What is the highest common divisor of 279941842 and 62?
62
Calculate the greatest common divisor of 46498020 and 1740.
1740
What is the highest common divisor of 5335373850 and 2271?
2271
Calculate the greatest common factor of 74988 and 256.
4
What is the greatest common factor of 3198148 and 127276?
2708
What is the greatest common divisor of 10566653 and 1?
1
What is the highest common divisor of 382 and 59660378?
382
What is the highest common divisor of 402031 and 116683?
553
What is the greatest common divisor of 274274 and 75456997?
10549
Calculate the greatest common divisor of 1142232 and 5642.
182
What is the greatest common divisor of 73723526 and 102?
34
What is the highest common divisor of 4773 and 3207641?
37
Calculate the greatest common divisor of 3914500 and 22719758.
15658
What is the greatest common divisor of 74 and 23886275?
37
Calculate the greatest common factor of 162 and 4106988.
18
What is the greatest common factor of 2039616008 and 1464?
488
Calculate the highest common factor of 11634896 and 114625.
917
Calculate the greatest common divisor of 178 and 825297.
89
Calculate the highest common factor of 42 and 326970938.
14
Calculate the highest common factor of 8141650 and 239206.
2882
Calculate the highest common divisor of 94214 and 68.
34
Calculate the greatest common factor of 1546250 and 76694.
2474
What is the greatest common divisor of 147888 and 6828444?
2844
Calculate the greatest common divisor of 159 and 1166324466.
159
Calculate the highest common factor of 174 and 733526.
58
What is the greatest common divisor of 1871024 and 1232?
16
What is the highest common factor of 392843 and 44?
11
What is the greatest common factor of 21737178 and 722?
38
Calculate the highest common divisor of 48 and 86890820.
4
Calculate the greatest common divisor of 5518569 and 62643.
399
What is the highest common factor of 35280 and 13621680?
720
What is the highest common divisor of 30179 and 1465?
293
What is the greatest common divisor of 73831 and 168771?
101
Calculate the greatest common divisor of 15156777 and 327.
327
Calculate the greatest common factor of 430 and 493941.
43
What is the greatest common factor of 941127 and 251009?
209
Calculate the greatest common divisor of 14136 and 25869336.
456
Calculate the greatest common factor of 2453815 and 7875.
35
What is the greatest common factor of 5355 and 1285544505?
1785
What is the highest common divisor of 507048 and 9324?
444
Calculate the highest common divisor of 228652 and 7108.
4
Calculate the highest common divisor of 1022193 and 42313.
2227
What is the highest common factor of 18745 and 11275405?
115
What is the greatest common factor of 11 and 12015839?
11
Calculate the highest common factor of 4 and 3199838.
2
What is the highest common factor of 37264 and 1010480?
272
Calculate the highest common divisor of 12 and 51477708.
12
Calculate the greatest common divisor of 183120 and 4515.
105
What is the greatest common factor of 225 and 31881900?
75
Calculate the greatest common factor of 49243 and 34201.
23
What is the greatest common divisor of 125952 and 45336?
24
What is the greatest common factor of 7867200 and 275?
275
Calculate the greatest common divisor of 38964 and 7189240.
764
What is the greatest common factor of 135133 and 731?
17
Calculate the highest common factor of 913055221 and 39.
13
Calculate the highest common divisor of 523908 and 3123120.
924
What is the greatest common factor of 110544 and 29704094?
4606
What is the greatest common divisor of 703788233 and 811?
811
Calculate the highest common divisor of 495 and 6998409.
99
What is the highest common divisor of 3058 and 33949360?
278
What is the greatest common divisor of 235112132 and 43?
43
What is the highest common divisor of 2210 and 1257880?
130
What is the highest common factor of 164453571 and 27?
27
What is the highest common factor of 3057262 and 1534?
1534
What is the highest common factor of 27829240 and 21200?
2120
Calculate the highest common factor of 635 and 70314693.
127
What is the greatest common factor of 15652211 and 388?
97
What is the highest common factor of 5278 and 16226602?
406
Calculate the highest common divisor of 11600 and 583625.
725
Calculate the greatest common factor of 49827522 and 621.
69
Calculate the greatest common factor of 17 and 56650579.
17
Calculate the greatest common factor of 7752 and 2322864.
456
Calculate the greatest common divisor of 348 and 18640852.
116
What is the greatest common factor of 5480 and 85464299?
137
What is the highest common divisor of 18 and 8340312?
6
Calculate the highest common divisor of 1220481 and 1411.
17
What is the greatest common factor of 10264317 and 57288?
651
Calculate the greatest common divisor of 7046 and 27617068.
542
What is the greatest common divisor of 61688444 and 680?
68
Calculate the greatest common factor of 24365133 and 796833.
11223
What is the highest common factor of 149358 and 1738?
22
Calculate the greatest common divisor of 563653 and 337727.
83
What is the greatest common factor of 15224529 and 3534?
57
What is the greatest common divisor of 945 and 249421599?
189
Calculate the highest common factor of 6572 and 112127.
31
Calculate the greatest common factor of 5478363 and 48.
3
Calculate the greatest common factor of 102 and 393778956.
102
What is the highest common factor of 342 and 18840286?
38
What is the greatest common divisor of 905715 and 297?
27
Calculate the highest common divisor of 1439145 and 27.
9
Calculate the highest common factor of 1128335 and 585.
65
Calculate the greatest common divisor of 1702851 and 9990.
111
Calculate the highest common divisor of 99268 and 717535.
1079
Calculate the highest common factor of 322143 and 7515.
501
Calculate the greatest common divisor of 1491 and 822699010.
497
Calculate the highest common factor of 603 and 190986314.
67
Calculate the greatest common factor of 1012 and 43401138.
506
What is the greatest common divisor of 60 and 19090870?
10
Calculate the greatest common divisor of 407955554 and 92.
46
What is the highest common divisor of 34 and 505512782?
34
What is the highest common divisor of 7881 and 357769?
71
Calculate the highest common divisor of 122168265 and 45.
15
Calculate the greatest common factor of 90246 and 2890914.
1014
What is the highest common factor of 4438711 and 58?
29
Calculate the highest common divisor of 15165176 and 1768.
104
What is the greatest common factor of 342427 and 70781?
1913
Calculate the greatest common divisor of 37359256 and 418.
22
What is the highest common factor of 56549 and 256961?
293
What is the highest common factor of 5734176 and 217672?
1288
Calculate the greatest common divisor of 33209 and 99187.
11
Calculate the highest common divisor of 316756748 and 172.
172
What is the greatest common factor of 19442898 and 1236?
618
What is the highest common divisor of 279068680 and 24?
8
Calculate the greatest common divisor of 63 and 6089223.
21
Calculate the greatest common divisor of 13454125 and 31999.
2909
Calculate the greatest common divisor of 357438613 and 21.
7
Calculate the greatest common divisor of 79 and 3361299979.
79
Calculate the highest common divisor of 55 and 661798775.
55
What is the highest common factor of 21 and 3798788?
7
What is the highest common divisor of 129162 and 9718050?
618
What is the highest common divisor of 1290 and 58785?
15
Calcula